t c be v(-11). Let m(y) = y**2 - 5*y + 7. Calculate the remainder when 63 is divided by m(c).
11
Let y = 11 + -8. Let d be 2/(-3) + 26/y. Calculate the remainder when 31 is divided by (0 + 2)*d*1.
15
Let j(n) be the second derivative of -3*n**5/20 - n**4/6 + n**3/3 - n. Let h be 1 + 0 + (1 - 4). Calculate the remainder when j(h) is divided by 7.
5
Let r(v) = -v**3 - v**2. Let g be r(-1). Suppose -2*w + 3*x + 7 = 0, g*x = -5*w - 3*x + 49. What is the remainder when 22 is divided by w?
6
Suppose 124 = 4*b + 12. Calculate the remainder when 83 is divided by b.
27
Let a = 60 + 35. What is the remainder when a is divided by 34?
27
Let z = 26 + -17. Let s(p) = p + 8. Suppose 4*j = 58 + 70. What is the remainder when j is divided by s(z)?
15
Suppose 2*x - q - 82 = 0, x + 2*q + 2*q - 32 = 0. Suppose 3*b + 3*r - 57 = 0, -r + 3 = -2. What is the remainder when x is divided by b?
12
Let o = 3 + 8. Suppose -5*k + 88 = -12. What is the remainder when 1*(k + 2 + -2) is divided by o?
9
Let f = -4 - -9. Suppose b + 5 = -v - 2*b, -f*v + 2*b + 9 = 0. What is the remainder when 9 is divided by (1 - 3/(-1))*v?
1
Let b(n) = 4*n - 6. Let d be b(4). Let w = 43 - d. What is the remainder when w is divided by 18?
15
Let m = -2 - -4. Suppose u + 2*k = -0 + 3, 3*u = m*k + 1. What is the remainder when 6 + -5 - (-2 - -1) is divided by u?
0
Suppose -5*s + 213 - 148 = 0. Calculate the remainder when 61 is divided by s.
9
Let n(y) = 4*y - 4*y - y**3 + 6*y**2 - 2*y - 2. Suppose 2*l - 65 - 65 = 0. Calculate the remainder when l is divided by n(4).
21
Let h = -102 + 113. Calculate the remainder when 43 is divided by h.
10
Let u be 109/7 + (-9)/(-21). Suppose -54 + u = -2*w. What is the remainder when 54 is divided by w?
16
Suppose -4*w + 5*a = 5, -2*w - 2*a = -6 - 14. What is the remainder when 13 is divided by w?
3
Suppose -3*i - 25 = -2*w, 5*i + 0*i = -15. Let q = 12 - w. Suppose -6*s + 5*s + q = 3*f, 23 = 2*s + f. What is the remainder when s is divided by 5?
3
Suppose 0 = -2*a - 0*a - 24. Let f(d) = -4*d - 2. Let w be f(-4). Let z = w - a. What is the remainder when z is divided by 9?
8
Suppose -2 = -4*c + 10. Suppose -f - 2*m = -9, -13 + c = -5*m. What is the remainder when 14 is divided by f?
4
Suppose 0 = 3*n - 9, -6*r + r + 136 = -3*n. Calculate the remainder when 229 is divided by r.
26
Suppose 3*p + 4 - 37 = 0. Let w = -7 - -11. Suppose -n = -2*r - 28, 2 = 3*r - w. What is the remainder when n is divided by p?
10
What is the remainder when 32 is divided by 1/(34/(-36) - -1)?
14
What is the remainder when (52/14)/((-3)/(-21)) is divided by 15?
11
Let s(m) = -m**2 + 9*m - 2. Calculate the remainder when (20/(-14))/(3/(-21)) is divided by s(8).
4
Calculate the remainder when (8 - 4 - 3)/((-1)/(-37)) is divided by 20.
17
Let s = -6 + 9. Suppose 3*f + 3*h - 3 = 0, -3*h = -f - 0*h - s. Suppose f = -3*l - 0 + 159. What is the remainder when l is divided by 18?
17
Let g = 69 - 63. Calculate the remainder when g is divided by 4.
2
Suppose 0 = 3*f + 3*q - 6, 2*q - 8 = -3*f - 0*q. Let y(i) = i**2 - i - 1. Calculate the remainder when 36/f*2/2 is divided by y(3).
4
Suppose -15 = 4*o - 35. Suppose 0 = o*h - 25 - 15. Suppose h = s - 5. What is the remainder when s is divided by 7?
6
Let r(l) = l - 7. Let s be r(12). Suppose 0*m - m = s*t - 99, -2*t + 42 = -2*m. Calculate the remainder when 59 is divided by t.
19
Let s be 4/(-1 + -1) + 2. Suppose s = -0*n - 3*n + 15. Suppose -n*c = q - 27, 16 = 4*q - 3*c - 46. What is the remainder when 32 is divided by q?
15
Let k(q) = q**2 + 1. Let u be k(1). Suppose 0*d = u*d - 56. What is the remainder when d is divided by 10?
8
Let m = -30 - 11. Let l = -18 - m. Let u(k) = 11*k**3 + k**2 - k + 1. Calculate the remainder when l is divided by u(1).
11
Let t(o) = o**3 - 3*o**2 + 2*o + 4. What is the remainder when 47 is divided by t(3)?
7
Suppose 6*j + 10 + 104 = 0. Let v = j + 35. What is the remainder when 62 is divided by v?
14
Suppose -4*r + 3 = -17. Suppose 0 = -2*t - 2*u + 14, -4*t - r*u + 0 = -28. Calculate the remainder when 19 is divided by t.
5
Let j(k) = -k**2 + 4*k + 1. Let w be j(4). Let f be 3/w*(2 - 1). Suppose -r + 0*i - i + 21 = 0, 0 = r + f*i - 31. What is the remainder when 46 is divided by r?
14
Suppose 3*l - 9 = 2*l. Calculate the remainder when 15 is divided by l.
6
Suppose -3*w + 4 = y, -2*w + 2*y + 10 = w. Suppose 5*p = o - 23, 12 = -3*p - 0*p. What is the remainder when o is divided by (2/3)/(w/6)?
1
Suppose -3*l - 149 = -4*s, 58 = 2*s - 0*l + 4*l. Calculate the remainder when s is divided by 12.
11
Let i(v) = -2*v - 2. Let s be i(-3). Suppose 0*w = 2*w + r - 60, s*r + 163 = 5*w. Calculate the remainder when w is divided by 11.
9
Suppose 5*b + 78 = 4*s, -4*s = -2*b + 4*b - 92. Suppose 3*q - 45 = 3*v, 0*v = -2*v + 10. What is the remainder when q is divided by (s/(-4))/((-3)/6)?
9
Let s = 13 - -28. Let n = 32 + -18. Calculate the remainder when s is divided by n.
13
Suppose 2*q + 18 = 5*q. Let d(f) = f**2 - 2*f - 1. Suppose 2*s = -4 + 28. What is the remainder when d(q) is divided by s?
11
Let l be (-112)/(-63) - (-2)/9. Suppose 0 = l*d + 3 - 49. What is the remainder when d is divided by 13?
10
Let o(k) = k**2 + 4*k - 7. Let b be o(-7). Suppose -5*i = -2*a - b, 0 = 3*a - 0*a - 9. Calculate the remainder when 5 is divided by i.
1
Suppose 19 = d + 2*y, -3*d - y = -63 + 21. What is the remainder when (-14)/56 + 306/8 is divided by d?
12
Let u be (-2)/(-6) - 83/(-3). Suppose h = -3*d + 23 + u, 4*h = -4*d + 68. Let o(w) = 31*w**2 + 1. Calculate the remainder when o(1) is divided by d.
15
Let m(t) = -11*t - t**2 - 2 - 5 - 1. Calculate the remainder when m(-10) is divided by (0 - (-1 - 0))/1.
0
Suppose 4*n - 20 = 0, -u - 31 = 4*n - 97. Let i = u + -27. What is the remainder when 56 is divided by i?
18
Suppose 0 = -3*r - r + 5*s + 8, -3*r = -5*s - 6. Let p(y) = 10*y - 3. What is the remainder when 49 is divided by p(r)?
15
Calculate the remainder when 97 is divided by 2/8 + 55/4.
13
Let p(n) = 6*n - 14. Calculate the remainder when 43 is divided by p(6).
21
Suppose 116 = 4*k + 3*f, 0 = 4*k - f + 5*f - 116. Calculate the remainder when k is divided by 8.
5
Suppose -5*r + 14 = 4. Let l = 3 - r. What is the remainder when 7 is divided by ((-1)/(l/3))/(-1)?
1
Let n be -2 + -11 - (-6 - -2). Let w = 1 - n. Calculate the remainder when 29 is divided by w.
9
Suppose m + 3*s = 10 - 4, -5*m - 3*s = -18. Suppose -2*n = m*n - 35. Calculate the remainder when 11 is divided by n.
4
Let q = -12 + 24. Calculate the remainder when 42 is divided by q.
6
Let r(v) = -v**3 - 2*v**2 - 7*v - 6. Let a be r(-4). Calculate the remainder when 18 is divided by (-86)/(-18) - (-12)/a.
3
Let k be 2/(-2)*(-2)/2. Calculate the remainder when -4*k/2 + 11 is divided by 5.
4
Let z(w) = w**2 + w + 5. Let c(d) = 2*d**2 + 1. Calculate the remainder when c(-6) is divided by z(-5).
23
Let t(r) be the third derivative of r**5/60 - 5*r**4/24 - r**3/6 + 3*r**2. Calculate the remainder when t(7) is divided by 7.
6
Let j(t) = -t**3 + 5*t**2 + t - 9. Calculate the remainder when 19 is divided by j(4).
8
Let x(c) = c**2 + 8*c - 5. Let i be x(-9). Suppose i*k + 0*k = 36. What is the remainder when 14 is divided by k?
5
Let f = -83 - -129. Calculate the remainder when f is divided by 24.
22
Suppose -306*r = -314*r + 184. Let h be (-1 + -2)*(-2)/3. Calculate the remainder when 47/2*h - 2 is divided by r.
22
Suppose 2*l - l + 5 = 0. Let q = 9 + l. What is the remainder when 18 is divided by q?
2
Suppose 0 = -o + 2*o - 2*i - 12, -5*o = 2*i - 36. Let d = -2 - -5. Suppose -s - 44 = -d*s. Calculate the remainder when s is divided by o.
6
Let g be (-66)/4*4/(-6). Let j = g + 14. Let u(y) = -y**3 - 8*y**2 - 9*y - 5. What is the remainder when j is divided by u(-7)?
7
Suppose 3*r - 2*r = 5. What is the remainder when 14 is divided by r?
4
Let a = 14 + -12. Suppose -k = -4*k - q + 80, -a*q = 2*k - 60. Calculate the remainder when k is divided by 9.
7
Let p(q) = 2*q. Let x be p(4). Suppose 187 = 4*m + 5*h - x*h, 229 = 5*m + h. Calculate the remainder when m is divided by 16.
14
What is the remainder when 38 is divided by 84/9 - 4/(-6)?
8
Let p(i) = -39*i**3 + i. Let m be p(-1). Suppose -m - 77 = -5*d. What is the remainder when d is divided by 8?
7
Let y(g) = g**3 + 6*g**2 - 9*g + 4. 